{"id":227,"date":"2025-06-26T04:55:57","date_gmt":"2025-06-26T04:55:57","guid":{"rendered":"https:\/\/start.vn\/index.php\/blog\/"},"modified":"2025-06-26T06:52:02","modified_gmt":"2025-06-26T06:52:02","slug":"blog","status":"publish","type":"page","link":"https:\/\/start.vn\/index.php\/blog\/","title":{"rendered":"Blog"},"content":{"rendered":"\n<div class=\"wp-block-ultimate-post-row ultp-block-05ee27\"><div class=\"ultp-row-wrapper\"><div class=\"ultp-row-content\">\n<div class=\"wp-block-ultimate-post-column ultp-block-5bcdb9\"><div class=\"ultp-column-wrapper\"><div  class=\"ultp-post-grid-block wp-block-ultimate-post-post-grid-1 ultp-block-5aa4ac\"><div class=\"ultp-block-wrapper\"><div class=\"ultp-loading\"><div class=\"ultp-loading-blocks\" style=\"width:100%;height:100%;\"><div style=\"left: 0;top: 0;animation-delay:0s;\"><\/div><div style=\"left: 21px;top: 0;animation-delay:0.125s;\"><\/div><div style=\"left: 42px;top: 0;animation-delay:0.25s;\"><\/div><div style=\"left: 0;top: 21px;animation-delay:0.875s;\"><\/div><div style=\"left: 42px;top: 21px;animation-delay:0.375s;\"><\/div><div style=\"left: 0;top: 42px;animation-delay:0.75s;\"><\/div><div style=\"left: 42px;top: 42px;animation-delay:0.625s;\"><\/div><div style=\"left: 21px;top: 42px;animation-delay:0.5s;\"><\/div><\/div><\/div><div class=\"ultp-heading-filter\"><div class=\"ultp-heading-filter-in\"><div class=\"ultp-filter-navigation\"><\/div><\/div><\/div><div class=\"ultp-block-items-wrap ultp-block-row ultp-pg1a-style1 ultp-grid1-responsive ultp-block-column-2 ultp-sm-column-2 ultp-xs-column-1 ultp-layout1\"><div class=\"ultp-block-item post-id-295\"><div class=\"ultp-block-content-wrap\"><div class=\"ultp-block-image ultp-block-image-zoomOut\"><a href=\"https:\/\/start.vn\/index.php\/2025\/06\/26\/luyen-phan-xa-thi-pmp-p3\/\" ><img decoding=\"async\"  class=\"ultp-block-image-content\"  alt=\"Close-up of hand writing in notebook using a blue pen, focus on creativity.\"  src=\"https:\/\/start.vn\/wp-content\/uploads\/2025\/06\/pexels-photo-210661-210661-870x570.jpg\" \/><\/a><div class=\"ultp-category-img-grid\"><div class=\"ultp-category-grid ultp-category-classic ultp-category-topLeft\"><div class=\"ultp-category-in\"><a class=\"ultp-cat-pmp\" href=\"https:\/\/start.vn\/index.php\/category\/pmp\/\"  >PMP<\/a><\/div><\/div><\/div><\/div><div class=\"ultp-block-content\"><h5 class=\"ultp-block-title \"><a href=\"https:\/\/start.vn\/index.php\/2025\/06\/26\/luyen-phan-xa-thi-pmp-p3\/\" >Luy\u1ec7n ph\u1ea3n x\u1ea1 thi PMP (P3)<\/a><\/h5><div class=\"ultp-block-excerpt\"><p>C\u00e1c c\u00e2u h\u1ecfi luy\u1ec7n ph\u1ea3n x\u1ea1 li\u00ean quan \u0111\u1ebfn gi\u1ea3i quy\u1ebft xung \u0111\u1ed9t:<\/p>\n<\/div><div class=\"ultp-block-meta ultp-block-meta-dash ultp-block-meta-style3\"><span class=\"ultp-block-author ultp-block-meta-element\"><img decoding=\"async\" loading=\"lazy\" class=\"ultp-meta-author-img\" src=\"https:\/\/secure.gravatar.com\/avatar\/763a1894f2252ee9a02e62edad937fab2ab4887fc462192f157a543b19f7f38e?s=96&#038;d=mm&#038;r=g\" alt=\"By\" \/>By<a class=\"\" href=\"https:\/\/start.vn\/index.php\/author\/khanhha\/\">khanhha<\/a><\/span><span class=\"ultp-block-date ultp-block-meta-element\"><svg xmlns=\"http:\/\/www.w3.org\/2000\/svg\" viewBox=\"0 0 18 19\"><path d=\"M4.60069444,4.09375 L3.25,4.09375 C2.47334957,4.09375 1.84375,4.72334957 1.84375,5.5 L1.84375,7.26736111 L16.15625,7.26736111 L16.15625,5.5 C16.15625,4.72334957 15.5266504,4.09375 14.75,4.09375 L13.3993056,4.09375 L13.3993056,4.55555556 C13.3993056,5.02154581 13.0215458,5.39930556 12.5555556,5.39930556 C12.0895653,5.39930556 11.7118056,5.02154581 11.7118056,4.55555556 L11.7118056,4.09375 L6.28819444,4.09375 L6.28819444,4.55555556 C6.28819444,5.02154581 5.9104347,5.39930556 5.44444444,5.39930556 C4.97845419,5.39930556 4.60069444,5.02154581 4.60069444,4.55555556 L4.60069444,4.09375 Z M6.28819444,2.40625 L11.7118056,2.40625 L11.7118056,1 C11.7118056,0.534009742 12.0895653,0.15625 12.5555556,0.15625 C13.0215458,0.15625 13.3993056,0.534009742 13.3993056,1 L13.3993056,2.40625 L14.75,2.40625 C16.4586309,2.40625 17.84375,3.79136906 17.84375,5.5 L17.84375,15.875 C17.84375,17.5836309 16.4586309,18.96875 14.75,18.96875 L3.25,18.96875 C1.54136906,18.96875 0.15625,17.5836309 0.15625,15.875 L0.15625,5.5 C0.15625,3.79136906 1.54136906,2.40625 3.25,2.40625 L4.60069444,2.40625 L4.60069444,1 C4.60069444,0.534009742 4.97845419,0.15625 5.44444444,0.15625 C5.9104347,0.15625 6.28819444,0.534009742 6.28819444,1 L6.28819444,2.40625 Z M1.84375,8.95486111 L1.84375,15.875 C1.84375,16.6516504 2.47334957,17.28125 3.25,17.28125 L14.75,17.28125 C15.5266504,17.28125 16.15625,16.6516504 16.15625,15.875 L16.15625,8.95486111 L1.84375,8.95486111 Z\"\/><\/svg>Jun 26, 2025<\/span><\/div><\/div><\/div><\/div><div class=\"ultp-block-item post-id-289\"><div class=\"ultp-block-content-wrap\"><div class=\"ultp-block-image ultp-block-image-zoomOut\"><a href=\"https:\/\/start.vn\/index.php\/2025\/06\/26\/luyen-phan-xa-thi-pmp-p2\/\" ><img decoding=\"async\"  class=\"ultp-block-image-content\"  alt=\"Luy\u1ec7n ph\u1ea3n x\u1ea1 thi PMP (P2)\"  src=\"https:\/\/start.vn\/wp-content\/uploads\/2025\/06\/Screenshot_1-1-870x570.png\" \/><\/a><div class=\"ultp-category-img-grid\"><div class=\"ultp-category-grid ultp-category-classic ultp-category-topLeft\"><div class=\"ultp-category-in\"><a class=\"ultp-cat-pmp\" href=\"https:\/\/start.vn\/index.php\/category\/pmp\/\"  >PMP<\/a><\/div><\/div><\/div><\/div><div class=\"ultp-block-content\"><h5 class=\"ultp-block-title \"><a href=\"https:\/\/start.vn\/index.php\/2025\/06\/26\/luyen-phan-xa-thi-pmp-p2\/\" >Luy\u1ec7n ph\u1ea3n x\u1ea1 thi PMP (P2)<\/a><\/h5><div class=\"ultp-block-excerpt\"><p>Ngo\u00e0i c\u00e1c c\u00e2u h\u1ecfi t\u00ecnh hu\u1ed1ng, c\u00f3 th\u1ec3 luy\u1ec7n th\u00eam ph\u1ea3n x\u1ea1 c\u00e1c c\u00e2u h\u1ecfi l\u00fd thuy\u1ebft:<\/p>\n<\/div><div class=\"ultp-block-meta ultp-block-meta-dash ultp-block-meta-style3\"><span class=\"ultp-block-author ultp-block-meta-element\"><img decoding=\"async\" loading=\"lazy\" class=\"ultp-meta-author-img\" src=\"https:\/\/secure.gravatar.com\/avatar\/763a1894f2252ee9a02e62edad937fab2ab4887fc462192f157a543b19f7f38e?s=96&#038;d=mm&#038;r=g\" alt=\"By\" \/>By<a class=\"\" href=\"https:\/\/start.vn\/index.php\/author\/khanhha\/\">khanhha<\/a><\/span><span class=\"ultp-block-date ultp-block-meta-element\"><svg xmlns=\"http:\/\/www.w3.org\/2000\/svg\" viewBox=\"0 0 18 19\"><path d=\"M4.60069444,4.09375 L3.25,4.09375 C2.47334957,4.09375 1.84375,4.72334957 1.84375,5.5 L1.84375,7.26736111 L16.15625,7.26736111 L16.15625,5.5 C16.15625,4.72334957 15.5266504,4.09375 14.75,4.09375 L13.3993056,4.09375 L13.3993056,4.55555556 C13.3993056,5.02154581 13.0215458,5.39930556 12.5555556,5.39930556 C12.0895653,5.39930556 11.7118056,5.02154581 11.7118056,4.55555556 L11.7118056,4.09375 L6.28819444,4.09375 L6.28819444,4.55555556 C6.28819444,5.02154581 5.9104347,5.39930556 5.44444444,5.39930556 C4.97845419,5.39930556 4.60069444,5.02154581 4.60069444,4.55555556 L4.60069444,4.09375 Z M6.28819444,2.40625 L11.7118056,2.40625 L11.7118056,1 C11.7118056,0.534009742 12.0895653,0.15625 12.5555556,0.15625 C13.0215458,0.15625 13.3993056,0.534009742 13.3993056,1 L13.3993056,2.40625 L14.75,2.40625 C16.4586309,2.40625 17.84375,3.79136906 17.84375,5.5 L17.84375,15.875 C17.84375,17.5836309 16.4586309,18.96875 14.75,18.96875 L3.25,18.96875 C1.54136906,18.96875 0.15625,17.5836309 0.15625,15.875 L0.15625,5.5 C0.15625,3.79136906 1.54136906,2.40625 3.25,2.40625 L4.60069444,2.40625 L4.60069444,1 C4.60069444,0.534009742 4.97845419,0.15625 5.44444444,0.15625 C5.9104347,0.15625 6.28819444,0.534009742 6.28819444,1 L6.28819444,2.40625 Z M1.84375,8.95486111 L1.84375,15.875 C1.84375,16.6516504 2.47334957,17.28125 3.25,17.28125 L14.75,17.28125 C15.5266504,17.28125 16.15625,16.6516504 16.15625,15.875 L16.15625,8.95486111 L1.84375,8.95486111 Z\"\/><\/svg>Jun 26, 2025<\/span><\/div><\/div><\/div><\/div><div class=\"ultp-block-item post-id-215\"><div class=\"ultp-block-content-wrap\"><div class=\"ultp-block-image ultp-block-image-zoomOut\"><a href=\"https:\/\/start.vn\/index.php\/2025\/06\/26\/luyen-phan-xa-thi-pmp\/\" ><img decoding=\"async\"  class=\"ultp-block-image-content\"  alt=\"Luy\u1ec7n ph\u1ea3n x\u1ea1 thi PMP (P1)\"  src=\"https:\/\/start.vn\/wp-content\/uploads\/2025\/06\/Screenshot_2-870x570.png\" \/><\/a><div class=\"ultp-category-img-grid\"><div class=\"ultp-category-grid ultp-category-classic ultp-category-topLeft\"><div class=\"ultp-category-in\"><a class=\"ultp-cat-pmp\" href=\"https:\/\/start.vn\/index.php\/category\/pmp\/\"  >PMP<\/a><\/div><\/div><\/div><\/div><div class=\"ultp-block-content\"><h5 class=\"ultp-block-title \"><a href=\"https:\/\/start.vn\/index.php\/2025\/06\/26\/luyen-phan-xa-thi-pmp\/\" >Luy\u1ec7n ph\u1ea3n x\u1ea1 thi PMP (P1)<\/a><\/h5><div class=\"ultp-block-excerpt\"><p>Sau khi t\u1ed5ng h\u1ee3p ki\u1ebfn th\u1ee9c \u0111\u00e3 h\u1ecdc v\u00e0 l\u00e0m c\u00e1c b\u00e0i mocktest, t\u00f4i \u0111\u00e3 t\u1ed5ng h\u1ee3p c\u00e1c&hellip;<\/p>\n<\/div><div class=\"ultp-block-meta ultp-block-meta-dash ultp-block-meta-style3\"><span class=\"ultp-block-author ultp-block-meta-element\"><img decoding=\"async\" loading=\"lazy\" class=\"ultp-meta-author-img\" src=\"https:\/\/secure.gravatar.com\/avatar\/763a1894f2252ee9a02e62edad937fab2ab4887fc462192f157a543b19f7f38e?s=96&#038;d=mm&#038;r=g\" alt=\"By\" \/>By<a class=\"\" href=\"https:\/\/start.vn\/index.php\/author\/khanhha\/\">khanhha<\/a><\/span><span class=\"ultp-block-date ultp-block-meta-element\"><svg xmlns=\"http:\/\/www.w3.org\/2000\/svg\" viewBox=\"0 0 18 19\"><path d=\"M4.60069444,4.09375 L3.25,4.09375 C2.47334957,4.09375 1.84375,4.72334957 1.84375,5.5 L1.84375,7.26736111 L16.15625,7.26736111 L16.15625,5.5 C16.15625,4.72334957 15.5266504,4.09375 14.75,4.09375 L13.3993056,4.09375 L13.3993056,4.55555556 C13.3993056,5.02154581 13.0215458,5.39930556 12.5555556,5.39930556 C12.0895653,5.39930556 11.7118056,5.02154581 11.7118056,4.55555556 L11.7118056,4.09375 L6.28819444,4.09375 L6.28819444,4.55555556 C6.28819444,5.02154581 5.9104347,5.39930556 5.44444444,5.39930556 C4.97845419,5.39930556 4.60069444,5.02154581 4.60069444,4.55555556 L4.60069444,4.09375 Z M6.28819444,2.40625 L11.7118056,2.40625 L11.7118056,1 C11.7118056,0.534009742 12.0895653,0.15625 12.5555556,0.15625 C13.0215458,0.15625 13.3993056,0.534009742 13.3993056,1 L13.3993056,2.40625 L14.75,2.40625 C16.4586309,2.40625 17.84375,3.79136906 17.84375,5.5 L17.84375,15.875 C17.84375,17.5836309 16.4586309,18.96875 14.75,18.96875 L3.25,18.96875 C1.54136906,18.96875 0.15625,17.5836309 0.15625,15.875 L0.15625,5.5 C0.15625,3.79136906 1.54136906,2.40625 3.25,2.40625 L4.60069444,2.40625 L4.60069444,1 C4.60069444,0.534009742 4.97845419,0.15625 5.44444444,0.15625 C5.9104347,0.15625 6.28819444,0.534009742 6.28819444,1 L6.28819444,2.40625 Z M1.84375,8.95486111 L1.84375,15.875 C1.84375,16.6516504 2.47334957,17.28125 3.25,17.28125 L14.75,17.28125 C15.5266504,17.28125 16.15625,16.6516504 16.15625,15.875 L16.15625,8.95486111 L1.84375,8.95486111 Z\"\/><\/svg>Jun 26, 2025<\/span><\/div><\/div><\/div><\/div><\/div><div class=\"ultp-pagination-wrap ultp-pagination-ajax-action\" data-paged=\"1\" data-expost=\"\"  data-blockid=\"5aa4ac\" data-postid=\"227\" data-pages=\"1\" data-blockname=\"ultimate-post_post-grid-1\" data-selfpostid=\"yes\"><\/div><\/div><div class=\"pagination-block-html\" aria-hidden=\"true\" style=\"display: none;\"><\/div><\/div><\/div><\/div>\n\n\n\n<div class=\"wp-block-ultimate-post-column ultp-block-7cd9be\"><div class=\"ultp-column-wrapper\"><div  class=\"wp-block-ultimate-post-ultp-taxonomy ultp-block-dff101 \"><div class=\"ultp-block-wrapper\"><div class=\"ultp-loading\"><div class=\"ultp-loading-blocks\" style=\"width:100%;height:100%;\"><div style=\"left: 0;top: 0;animation-delay:0s;\"><\/div><div style=\"left: 21px;top: 0;animation-delay:0.125s;\"><\/div><div style=\"left: 42px;top: 0;animation-delay:0.25s;\"><\/div><div style=\"left: 0;top: 21px;animation-delay:0.875s;\"><\/div><div style=\"left: 42px;top: 21px;animation-delay:0.375s;\"><\/div><div style=\"left: 0;top: 42px;animation-delay:0.75s;\"><\/div><div style=\"left: 42px;top: 42px;animation-delay:0.625s;\"><\/div><div style=\"left: 21px;top: 42px;animation-delay:0.5s;\"><\/div><\/div><\/div><div class=\"ultp-heading-filter\"><div class=\"ultp-heading-filter-in\"><div class=\"ultp-heading-wrap ultp-heading-style9 ultp-heading-left\"><h2 class=\"ultp-heading-inner\"><span>Taxonomy<\/span><\/h2><\/div><\/div><\/div><div class=\"ultp-block-items-wrap\"><ul class=\"ultp-taxonomy-items  ultp-taxonomy-animation-none ultp-taxonomy-column-1 ultp-taxonomy-layout-2\"><li class=\"ultp-block-item ultp-taxonomy-item\"><a href=\"https:\/\/start.vn\/index.php\/category\/pmp\/\" style=\"\"><div class=\"ultp-taxonomy-lt2-overlay\"><\/div><div class=\"ultp-taxonomy-lt2-content\"><span class=\"ultp-taxonomy-name\" >PMP<\/span><span class=\"ultp-taxonomy-bar\"><\/span><span class=\"ultp-taxonomy-count\" >3<\/span><\/div><\/a><\/li><\/ul><\/div><\/div><\/div><\/div><\/div>\n<\/div><\/div><\/div>\n","protected":false},"excerpt":{"rendered":"","protected":false},"author":1,"featured_media":0,"parent":0,"menu_order":0,"comment_status":"closed","ping_status":"closed","template":"ultp_page_template","meta":{"footnotes":""},"class_list":["post-227","page","type-page","status-publish","hentry"],"_links":{"self":[{"href":"https:\/\/start.vn\/index.php\/wp-json\/wp\/v2\/pages\/227","targetHints":{"allow":["GET"]}}],"collection":[{"href":"https:\/\/start.vn\/index.php\/wp-json\/wp\/v2\/pages"}],"about":[{"href":"https:\/\/start.vn\/index.php\/wp-json\/wp\/v2\/types\/page"}],"author":[{"embeddable":true,"href":"https:\/\/start.vn\/index.php\/wp-json\/wp\/v2\/users\/1"}],"replies":[{"embeddable":true,"href":"https:\/\/start.vn\/index.php\/wp-json\/wp\/v2\/comments?post=227"}],"version-history":[{"count":2,"href":"https:\/\/start.vn\/index.php\/wp-json\/wp\/v2\/pages\/227\/revisions"}],"predecessor-version":[{"id":306,"href":"https:\/\/start.vn\/index.php\/wp-json\/wp\/v2\/pages\/227\/revisions\/306"}],"wp:attachment":[{"href":"https:\/\/start.vn\/index.php\/wp-json\/wp\/v2\/media?parent=227"}],"curies":[{"name":"wp","href":"https:\/\/api.w.org\/{rel}","templated":true}]}}